visor of d and x.
21
Suppose s - 9*s + 2440 = 12*s. Calculate the greatest common factor of 6 and s.
2
Suppose 3350 = 3*z + 5*f, -5*z + 2*f = -2*z - 3364. Suppose 20*k - z - 3040 = 0. What is the greatest common factor of 52 and k?
52
Let m be (-26)/(-8) - 1/32*8. Suppose -m*p - 20 + 38 = 0. Let i(r) = r**3 + 10*r - 15. Let k be i(p). What is the greatest common divisor of k and 29?
29
Suppose -24*b = -2898 - 247 - 3791. What is the greatest common factor of b and 1887?
17
Let g be (-5)/((-2)/(3 - -2 - 3)). Suppose g*u - 145 = -25. Let n(r) = r**3 - 24*r**2 + 8*r - 39. Let y be n(u). What is the highest common divisor of y and 17?
17
Suppose 1654 = 3*q - 3521. Suppose 0 = h + 3*x - 1142, 3*x = -4*h + q + 2834. Calculate the greatest common factor of 17 and h.
17
Let m be -278*(3 + 30/(-12)). Let d = 86 - m. What is the highest common divisor of 25 and d?
25
Let w = 55 - -5. Suppose 0 = -1533*s + 486*s + 2721 + 22772 + 24763. Calculate the greatest common divisor of s and w.
12
Let m(s) = -s**3 + 34*s**2 + 52*s - 1792. Let n be m(31). Calculate the greatest common divisor of 34 and n.
17
Suppose 5*w - 50 = 55. Let i(v) = -19*v + 212. Let c be i(11). What is the highest common factor of w and c?
3
Let g = -5664 - -6147. Calculate the highest common factor of 69 and g.
69
Let q be ((-208)/(-40))/(4/3 - (-8514)/(-6390)). Calculate the highest common factor of q and 78.
78
Let z be 6*(-4)/(-6) - 0/9. Suppose -2*j + 4*x = -36, -z*x + 99 = 3*j - x. Let l = 118 - -22. Calculate the highest common factor of j and l.
28
Let r(n) = n**2 - 152*n + 879. Let m be r(6). Calculate the greatest common factor of 79 and m.
1
Suppose 3*h - 5*u = 31, h - 2*u + 3*u + 3 = 0. Let r = 20 - -30. Suppose -5*g = -2*w + 35, w + 2*g = -h*g + r. What is the greatest common divisor of w and 6?
6
Let f = -4084 + 4544. What is the greatest common divisor of f and 2?
2
Suppose 0 = 11*y - 27*y + 192. Suppose 0 = -z - 9 + y, -2*z = s - 54. What is the greatest common divisor of 624 and s?
48
Let r(h) = -2*h + 24. Let w be r(12). Suppose -c + 18 + 20 = w. What is the greatest common divisor of c and 418?
38
Suppose -96 = -4*q - 752. Let b = q - -722. What is the greatest common factor of b and 18?
18
Let k be 4 - -10*(-3)/(-6). Let u be k/(-5)*(-80)/12. Let c = 43 - u. Calculate the highest common divisor of c and 124.
31
Let a(g) = g**2 - 4*g - 21. Let p be a(-9). What is the greatest common divisor of p and 3808?
32
Let d = -2614 + 2671. Calculate the highest common divisor of d and 21.
3
Let x(a) = 2*a - 66. Let s be x(24). Let f be (810 - 0)/(s - -20). What is the greatest common factor of 15 and f?
15
Let p = -16 + 18. Suppose p*s - 9 = 7. Suppose -312 = -s*u - 0*u. Calculate the greatest common divisor of 273 and u.
39
Let c = 8669 + -7895. What is the highest common divisor of c and 731?
43
Let p = 205 - 106. Let c be (4/(-3))/((-6)/p). Let x = 118 - 63. What is the highest common factor of c and x?
11
Suppose -618*g - 287 = -611*g. Let h be (1 - g)/1 + -7. Let k be -7*1*1*-1. Calculate the greatest common factor of h and k.
7
Let d be (-6)/(-4 - -1) + 1. Let w(r) = 2*r + 0*r**d - 7*r - 2*r**2 - 6 - r**3 + 2*r. Let f be w(-4). What is the greatest common factor of f and 95?
19
Let h(o) = 149*o**2 - 2*o - 13. Let z be h(3). Suppose -3*m - u = u - z, 3*m - 5*u = 1336. What is the highest common divisor of m and 17?
17
Suppose -h + 376 = 2*a, 0*h + 3*h = a - 195. Let o(k) = -785*k + 4717. Let x be o(6). What is the highest common divisor of a and x?
7
Suppose -201*v + 26631 = 11234 - 72038. What is the highest common divisor of v and 45?
15
Suppose 73*f + 81*f = 171793 + 50121. Calculate the highest common factor of 33 and f.
11
Suppose 5*q + 0*q - 81 = -4*d, -4*d = 2*q - 66. Let v = -6 + 20. Calculate the highest common divisor of v and d.
14
Suppose 0 = y - 9196 + 9060. Calculate the highest common divisor of 4556 and y.
68
Let l = -10108 + 14508. What is the highest common divisor of l and 300?
100
Suppose -182*p - 20 = -192*p. Suppose 0*u = -2*u - 6. Let s(t) = -t - 2. Let o be s(u). What is the highest common divisor of p and o?
1
Suppose -19*i = -21*i - 198. Let h = i + 64. Let v be 6/(-14) + (-330)/h + 1. Calculate the highest common divisor of 250 and v.
10
Let j = 64477 - 64466. Let g be ((-41)/(-2))/((-1)/(-2)). Let h = g - -3. Calculate the highest common divisor of h and j.
11
Suppose 3*y - 162 = -5*t, 5*t + 56 = 2*y + 198. Let b be (4/(-6) + (-10)/t)*-11. Suppose -231 = -3*g - 0*g. What is the greatest common factor of b and g?
11
Let l be -5*(0 - (-5 - -6)). Suppose 0*i + h = 4*i - 40, 4*i - l*h - 56 = 0. Calculate the greatest common divisor of 63 and i.
9
Let s be -12*(2/(-7))/((-51)/119). Let z be 2527/171 + s/(-36). What is the greatest common divisor of z and 5?
5
Suppose -8 = -96*u + 94*u. Suppose p = 4*w + 24, -4*w - 14 = -u*p + 94. What is the greatest common divisor of p and 35?
7
Let q = 9390 + -7914. Calculate the greatest common divisor of q and 8.
4
Suppose 7*m + 5891 - 46295 = 0. Suppose m = 60*r - 47*r. What is the greatest common divisor of 4 and r?
4
Suppose b + x - 2 = -3, 5*x - 5 = 0. Let k be -4*(6 - 8)*(-7)/b. Calculate the greatest common factor of k and 28.
28
Let n = -26 - -30. Suppose -1715 = -n*q + 1757. Let r be q/93 - (2/(-3) + 1). Calculate the greatest common divisor of r and 9.
9
Suppose -219*v + 5*v + 2975875 = -35*v. Calculate the greatest common divisor of 266 and v.
133
Let l be 77/(-4) - (14/(-8))/7. Let d = l - -37. Let x be (-1)/5 - 18*d/(-20). Calculate the highest common factor of 128 and x.
16
Let c(f) = 5*f**3 - 32*f**2 - 16*f + 9. Let h be c(7). Suppose 48 = m - 2*n, -h = 4*m - 5*m + n. What is the greatest common factor of 640 and m?
40
Let u be (43/(-4))/(23/(-25760)). Calculate the highest common divisor of u and 35.
35
Let t(k) = 2*k**2 + 41*k - 1382. Let j be t(18). Suppose 0 = -0*l - 3*l + 66. Calculate the greatest common divisor of j and l.
2
Let z(u) = -3609*u - 1998. Let g be z(-4). What is the highest common divisor of g and 18?
18
Suppose -3*x = -4*x - 20. Let b be 32/x*1*-5. Let g be (-475)/(-30) - (-4)/24. Calculate the greatest common factor of g and b.
8
Suppose 10050 = 4*l - 19*l. Let w = 853 + l. Calculate the greatest common divisor of w and 427.
61
Suppose 25 = -2*s - 1. Let c(p) = p**3 + 13*p**2 + p + 11. Let i be c(s). Let v be 1/(-1 - i) - -10. Calculate the greatest common factor of v and 99.
11
Suppose o = -2*i + 1227, 9*o - 2448 = -4*i + 5*o. What is the highest common divisor of i and 4715?
205
Let i = 4054 - 3561. What is the greatest common factor of 51 and i?
17
Suppose 5*o - 74 = 3*o. Suppose -55*z + 148041 = 399*z - 108*z - 95197. Calculate the highest common factor of z and o.
37
Let w be (-3)/18*2 - 56703/(-9). Suppose -74*i = -60*i - w. What is the greatest common divisor of i and 180?
90
Suppose -6*i + 22 + 32 = 0. Let l = i - -4. Let u = l - 0. Calculate the highest common divisor of u and 91.
13
Let d(l) = l**3 - 14*l**2 - 91*l + 9. Let z(o) = -22*o - 113. Let h be z(-6). Let w be d(h). What is the highest common factor of w and 17?
17
Suppose 0 = c + y - 93, 4*y - y = -12. Suppose 0 = -4*d + 4, 7*l - c = 2*l - 2*d. Let k = -3 + l. What is the highest common factor of 176 and k?
16
Let d = 22962 - 22162. What is the highest common divisor of 56 and d?
8
Suppose g = -49*z + 54*z + 104, 4*g - 4*z = 448. Calculate the highest common factor of 1691 and g.
19
Let r = -11467 - -11873. Calculate the highest common divisor of r and 266.
14
Let x(h) = 35*h + 2386. Let k be x(-62). What is the highest common divisor of 999 and k?
27
Let n be (-25)/(-3) - 40/(-24). Let r be (13 - 15)/((-1)/n*1). What is the greatest common factor of r and 60?
20
Let q be 12/20 - (-34)/10. Let o(z) = -85 - q*z + 5*z + 85 - 23*z**3. Let g be o(-1). What is the highest common divisor of g and 330?
22
Suppose -11 = -5*f - 3*t + 34, -3*f + 56 = -4*t. Suppose 9*w + 23 = f*w - 4*o, 4*o + 41 = 5*w. What is the greatest common divisor of 117 and w?
9
Let n(y) = -400*y + 799. Let q be n(-23). Calculate the highest common divisor of q and 99.
99
Let a(s) = 7*s**3 + 4*s**2 + 5. Let q = -154 - -130. Let d be (-2 - 1)*32/q. Let o be a(d). Calculate the greatest common divisor of o and 47.
47
Suppose 340507 - 1073449 = -